{"id":184,"date":"2019-01-07T12:15:53","date_gmt":"2019-01-07T15:15:53","guid":{"rendered":"https:\/\/iesmart.cl\/?post_type=product&#038;p=184"},"modified":"2019-01-07T12:32:55","modified_gmt":"2019-01-07T15:32:55","slug":"lampara-colgar-sky-bronce-3x-e27-60w-max-sin-ampolleta","status":"publish","type":"product","link":"https:\/\/iesmart.cl\/?product=lampara-colgar-sky-bronce-3x-e27-60w-max-sin-ampolleta","title":{"rendered":"LAMPARA COLGAR SKY BRONCE 3X E27 60W MAX SIN AMPOLLETA"},"content":{"rendered":"","protected":false},"excerpt":{"rendered":"<p>Marksl\u00f6jd Lighting Group (MLG) es una de las empresas de iluminaci\u00f3n l\u00edderes en Europa, miembro de BSCI, comit\u00e9 l\u00edder en Responsabilidad Social Corporativa. Marca comprometida con el bienestar social y  medioambiental, que trae dise\u00f1o y luz al hogar.<\/p>\n","protected":false},"featured_media":186,"template":"","meta":[],"product_cat":[22,27,16],"product_tag":[],"_links":{"self":[{"href":"https:\/\/iesmart.cl\/index.php?rest_route=\/wp\/v2\/product\/184"}],"collection":[{"href":"https:\/\/iesmart.cl\/index.php?rest_route=\/wp\/v2\/product"}],"about":[{"href":"https:\/\/iesmart.cl\/index.php?rest_route=\/wp\/v2\/types\/product"}],"wp:featuredmedia":[{"embeddable":true,"href":"https:\/\/iesmart.cl\/index.php?rest_route=\/wp\/v2\/media\/186"}],"wp:attachment":[{"href":"https:\/\/iesmart.cl\/index.php?rest_route=%2Fwp%2Fv2%2Fmedia&parent=184"}],"wp:term":[{"taxonomy":"product_cat","embeddable":true,"href":"https:\/\/iesmart.cl\/index.php?rest_route=%2Fwp%2Fv2%2Fproduct_cat&post=184"},{"taxonomy":"product_tag","embeddable":true,"href":"https:\/\/iesmart.cl\/index.php?rest_route=%2Fwp%2Fv2%2Fproduct_tag&post=184"}],"curies":[{"name":"wp","href":"https:\/\/api.w.org\/{rel}","templated":true}]}}